t a = 7 + j. Suppose 0 = f + 4*f + 4*v - 46, 4*v = -a. Calculate the greatest common divisor of 40 and f.
10
Let i be ((-18)/(-27))/((-2)/3). Let w be -1 - i/1*13. Calculate the highest common factor of w and 18.
6
Suppose 3*c + 2*w = 2*c - 18, 0 = -4*c - 2*w - 60. Let y = 4 - c. Let x = 0 - -2. What is the highest common divisor of x and y?
2
Let v be (-2*2)/((-2)/1). Calculate the greatest common divisor of 14 and v.
2
Let q(z) = -5*z**3 - 6*z**2 + 2*z - 5. Let x be q(-3). What is the greatest common divisor of 56 and x?
14
Let x = -11 + 44. Let j(y) = -y**2 + 6*y - 2. Let r be j(6). Let a(v) = v**3 + 4*v**2 + 4*v + 3. Let o be a(r). Calculate the highest common divisor of o and x.
3
Suppose -4*i + 61 = -5*m, -5*i - m + 40 = -0*m. Calculate the greatest common factor of 15 and i.
3
Let g = -3 + 5. Let p be 4*1 - (-2 + -2). Calculate the highest common factor of g and p.
2
Let o(f) = -f**2 + 26*f - 30. Let c be o(11). What is the greatest common factor of c and 54?
27
Let d(t) = -t**3 + 11*t**2 + 13*t - 1. Let n be d(12). What is the greatest common divisor of n and 88?
11
Let k be -11*(-11 - (-1 + 2)). Suppose 0 = -s + 6*s - 60. What is the highest common divisor of k and s?
12
Let t = -2 - -4. Suppose t*w - n = 5, -6 = -2*w - 2*n + 2. Suppose 5*u + 0*o - 448 = o, 0 = -4*u + w*o + 354. What is the highest common factor of 18 and u?
18
Let y = 52 - 40. Suppose -t - t - 180 = 0. Let h = t + 126. What is the greatest common divisor of h and y?
12
Let q = 4 - -4. What is the highest common divisor of q and 12?
4
Suppose 2*o - 45 - 43 = -2*u, 3*u - 52 = -o. Suppose -2*d + o = -c - c, 2*c = 5*d - 112. Let j = 180 + -108. What is the greatest common divisor of d and j?
24
Suppose 288 = 8*c - 4*c. What is the greatest common factor of c and 9?
9
Suppose 5*u + 19 - 697 = 3*w, -5*u + 4*w = -679. Let o be 2*10/8*6. Calculate the greatest common factor of u and o.
15
Let s = 0 + 4. Suppose -o + s*o - 120 = 0. What is the highest common divisor of 5 and o?
5
Let l be 2/13 + (-4)/26. Suppose l = -6*s + s + 40. Let t be 2/(-6) + (-49)/(-3). Calculate the greatest common divisor of t and s.
8
Suppose 0 = 6*z - 5*z - 6. Calculate the greatest common divisor of z and 3.
3
Let f(w) be the third derivative of -w**4/24 + w**3/3 + 2*w**2. Let x be f(6). Let h be 34/4 + (-2)/x. Calculate the highest common factor of 63 and h.
9
Suppose -6*z = -z - 40. Suppose 36 = s - z. Let f = 270 - 160. Calculate the greatest common divisor of s and f.
22
Let y = 61 + -43. Suppose -10 - 6 = -4*j. Suppose -108 = -j*d - 2*d. What is the highest common divisor of d and y?
18
Let m be (-1 - 0 - 5)*1. Let v be (-6)/9 + (-4)/m. Suppose f - 8 = -t + 4, -f + 2*t = v. Calculate the greatest common divisor of 64 and f.
8
Suppose -j - t + 8 = 0, -2*j + 2*t = -0*t - 32. Calculate the highest common factor of j and 6.
6
Let q be (-1326)/(-14) - (25/35 + -1). What is the greatest common divisor of q and 38?
19
Suppose -5*c = -62 - 28. Suppose 4*o + o - 182 = 2*v, 0 = -5*o - v + 179. Calculate the highest common divisor of c and o.
18
Suppose 2*g + 4*o = 18, -63 = -4*g - 2*o - 3. Let i be 118/1 - (-15 - -1 - -13). What is the highest common divisor of g and i?
17
Let o = -81 - -207. Suppose 0 = 24*d - 25*d + 21. Calculate the highest common divisor of o and d.
21
Suppose -4*f = -2*v - 122, 3*v = -3*f + 4*v + 91. Let j(b) = 2*b. Let d be j(10). Calculate the highest common divisor of d and f.
10
Suppose -928 = -11*b - 18*b. Let p = 221 - 61. Calculate the highest common divisor of p and b.
32
Let o = -1 + 4. Suppose 3*f = 12, o*p + 2*f - 38 = 60. Suppose 28 = 2*y + 4. Calculate the highest common factor of p and y.
6
Suppose 6 = 3*x - 5*i, -7*x + 31 = -3*x + i. Calculate the highest common factor of x and 56.
7
Suppose -3*k = 2*o - 18, 2*o + 0*k + k = 18. Calculate the greatest common factor of 153 and o.
9
Let a = 10 - -27. Let v = 16 - -11. Suppose -v = -2*m + a. Calculate the highest common divisor of m and 4.
4
Let u(p) = -9*p + 1. Let z be u(1). Let c = -7 - z. Calculate the highest common divisor of 8 and c.
1
Suppose 0 = 6*q - 4*q - 10. Suppose q*d = -0 + 65. Calculate the highest common factor of d and 52.
13
Suppose 0 = -k + 2*t + 17, 0 = -k + 5*t - 4*t + 13. Let z = -119 - -218. What is the greatest common divisor of k and z?
9
Let k(v) = -10*v - 78. Let i be k(-15). Calculate the greatest common divisor of i and 9.
9
Suppose -b - 2*a = -4, b + 5 = 2*b + 3*a. Suppose -b*x + 68 = -52. What is the greatest common factor of x and 12?
12
Let l be 5/20*-2*-6. Calculate the highest common divisor of l and 9.
3
Let b be (-10)/15 - (-28)/6. Suppose 0*u = b*u - 576. What is the highest common divisor of u and 18?
18
Let t(v) = -v**2. Let o be t(-1). Let u(a) = -110*a. Let i be u(o). Suppose 0 = -3*k + 8 + 22. Calculate the highest common divisor of i and k.
10
Suppose 9 = 19*z - 22*z. Let q = 0 - z. Calculate the greatest common divisor of q and 12.
3
Let q(a) = -a**2 - 8*a - 5. Let z be q(-5). Let t be (-6)/15 + 154/z. Calculate the greatest common divisor of t and 5.
5
Let b = 1 - -2. Let n(y) = y**2 + 0*y**3 - 16*y**3 - 3*y**2 + 1 + 0*y**2. Let s be n(-1). What is the greatest common divisor of s and b?
3
Let b = -53 + 71. Calculate the highest common divisor of b and 12.
6
Let a = 116 + -79. Let n = -19 + a. What is the highest common factor of 45 and n?
9
Let f = 30 + 3. What is the highest common factor of 3 and f?
3
Suppose -15 = -5*c + 55. What is the greatest common factor of c and 14?
14
Suppose 3 = 4*l - 5. Suppose l*s + 1 = 15. What is the highest common factor of 21 and s?
7
Let j = -5 + 8. Suppose -x = -j*x - 4. Let k be (-17)/x - 2/(-4). What is the highest common factor of k and 81?
9
Let h(u) = -8*u - 2. Let t be h(-2). What is the highest common factor of t and 112?
14
Let a(k) = -k**3 - 5*k**2 - 6*k - 3. Let y be a(-4). Suppose -5*v = -5 - y. Calculate the greatest common divisor of 8 and v.
2
Let m be (18/3)/(3/40). Calculate the greatest common factor of m and 32.
16
Let l(s) = 0 - 12*s**2 + s**3 - 6*s - 2 + 9*s**2. Let m be l(7). What is the highest common divisor of 19 and m?
19
Suppose 0*j - j + 10 = 0. Suppose 0 = s - 2 - j. What is the highest common divisor of s and 3?
3
Let q be ((-12)/8)/((-2)/72). Calculate the highest common factor of q and 6.
6
Let y = -12 + 19. Calculate the highest common divisor of y and 14.
7
Suppose h = 5*x - 808, 6*x = 3*x + 2*h + 482. Suppose -3*u = -2*u - 18. What is the greatest common divisor of u and x?
18
Let i = -4 + 6. Suppose -i*m - 3*m + 45 = 0. Suppose -3*l = -2*g + 183, 2*g - 5*l + 87 = 260. Calculate the greatest common factor of m and g.
9
Let l(a) = -a - 1. Let i be l(-2). Suppose -5*y + i = -9. Let f = -21 + 22. What is the greatest common factor of y and f?
1
Let h = 35 - 14. Suppose 4*s + 2*c - 466 = 0, 0*c - 1 = c. Let q = s - h. What is the greatest common factor of q and 12?
12
Let m be (-243)/(-6) - (-2)/(-4). Suppose -3*l - 133 = -5*f - 29, 4*l = 8. Let g = -14 + f. What is the greatest common divisor of g and m?
8
Suppose -u - 2*j = -14, 0 = -3*u + j + j + 2. Let t(s) = -s**3 + 4*s**2 + 2*s + 1. Let o be t(u). Calculate the greatest common factor of o and 9.
9
Let u = -4 + 7. Suppose -5*m + 8 = -3*m. Suppose -l - 3*c = m*l - 285, -u*l = -2*c - 190. Calculate the greatest common factor of l and 15.
15
Let z(q) = -2*q - 3. Let c be z(-2). Let l be 0/c - 2*-2. Let p = -4 - -6. Calculate the greatest common divisor of p and l.
2
Suppose 5*p = 10 + 10. Suppose -4 = -0*j + p*j, -2*b - 4*j + 84 = 0. What is the greatest common factor of 11 and b?
11
Let z be 4/((-1)/(-1 + 2)). Let y = -1 - z. Suppose 0 = 4*l - 5*f + 3, -4*f = -0*l - y*l - 3. What is the highest common divisor of l and 9?
3
Let c(l) = 9*l - 96. Let x be c(13). Calculate the greatest common factor of 147 and x.
21
Suppose -n - 10 = -f, 0 = 3*f - 2*f - 3*n - 8. Suppose -5*s = -95 + 40. What is the highest common factor of f and s?
11
Let l be 2 + -8*1 + 0. Let p = l + 8. Suppose 3*a + 2*f = 120, -a - 3*a - p*f + 160 = 0. What is the highest common factor of a and 16?
8
Let p(u) = u**2 + 4*u - 39. Let k be p(-9). What is the highest common divisor of 2 and k?
2
Let q = 29 + -20. Suppose l = -5 + 4. Let i be (10/(-3)*q)/l. What is the highest common facto